{"id":138,"date":"2025-11-14T19:03:13","date_gmt":"2025-11-14T19:03:13","guid":{"rendered":"https:\/\/astroadnan.com\/?page_id=138"},"modified":"2025-11-15T19:02:50","modified_gmt":"2025-11-15T19:02:50","slug":"cv","status":"publish","type":"page","link":"https:\/\/astroadnan.com\/index.php\/cv\/","title":{"rendered":"CV"},"content":{"rendered":"\t\t<div data-elementor-type=\"wp-page\" data-elementor-id=\"138\" class=\"elementor elementor-138\" data-elementor-post-type=\"page\">\n\t\t\t\t<div class=\"elementor-element elementor-element-35b7e768 e-con-full e-flex e-con e-parent\" data-id=\"35b7e768\" data-element_type=\"container\" data-settings=\"{&quot;background_background&quot;:&quot;classic&quot;}\">\n\t\t\t\t<div class=\"elementor-element elementor-element-13a8db3c elementor-widget__width-initial elementor-widget elementor-widget-image\" data-id=\"13a8db3c\" data-element_type=\"widget\" data-widget_type=\"image.default\">\n\t\t\t\t\t\t\t\t\t\t\t\t\t\t\t<img fetchpriority=\"high\" decoding=\"async\" width=\"1600\" height=\"1200\" src=\"https:\/\/astroadnan.com\/wp-content\/uploads\/2025\/11\/WhatsApp-Image-2025-11-05-at-01.02.38_787cc2de.jpg\" class=\"attachment-full size-full wp-image-14\" alt=\"\" srcset=\"https:\/\/astroadnan.com\/wp-content\/uploads\/2025\/11\/WhatsApp-Image-2025-11-05-at-01.02.38_787cc2de.jpg 1600w, https:\/\/astroadnan.com\/wp-content\/uploads\/2025\/11\/WhatsApp-Image-2025-11-05-at-01.02.38_787cc2de-300x225.jpg 300w, https:\/\/astroadnan.com\/wp-content\/uploads\/2025\/11\/WhatsApp-Image-2025-11-05-at-01.02.38_787cc2de-1024x768.jpg 1024w, https:\/\/astroadnan.com\/wp-content\/uploads\/2025\/11\/WhatsApp-Image-2025-11-05-at-01.02.38_787cc2de-768x576.jpg 768w, https:\/\/astroadnan.com\/wp-content\/uploads\/2025\/11\/WhatsApp-Image-2025-11-05-at-01.02.38_787cc2de-1536x1152.jpg 1536w\" sizes=\"(max-width: 1600px) 100vw, 1600px\" \/>\t\t\t\t\t\t\t\t\t\t\t\t\t\t\t<\/div>\n\t\t<div class=\"elementor-element elementor-element-6c3f0ef0 e-con-full e-flex e-con e-child\" data-id=\"6c3f0ef0\" data-element_type=\"container\" data-settings=\"{&quot;background_background&quot;:&quot;classic&quot;}\">\n\t\t\t\t<div class=\"elementor-element elementor-element-60d29e76 elementor-widget elementor-widget-heading\" data-id=\"60d29e76\" data-element_type=\"widget\" data-widget_type=\"heading.default\">\n\t\t\t\t\t<h2 class=\"elementor-heading-title elementor-size-default\">Education<\/h2>\t\t\t\t<\/div>\n\t\t\t\t<div class=\"elementor-element elementor-element-6bf6f8b2 elementor-widget elementor-widget-text-editor\" data-id=\"6bf6f8b2\" data-element_type=\"widget\" data-widget_type=\"text-editor.default\">\n\t\t\t\t\t\t\t\t\t<ul><li>PhD in Astrophysics, CEA \/ Universit\u00e9 Paris Cit\u00e9, 2021-2024<\/li><li>M.S. in Astrophysics, Universit\u00e9 C\u00f4te d\u2019Azur, 2019-2021<\/li><li>B.S. in Physics, Universit\u00e9 C\u00f4te d\u2019Azur, 2016-2019<\/li><li>Baccalaur\u00e9at Scientifique, sp\u00e9cialit\u00e9 math\u00e9matiques, Lyc\u00e9e Gustave Eiffel (Maputo &#8211; Mozambique), 2016<\/li><\/ul>\t\t\t\t\t\t\t\t<\/div>\n\t\t\t\t<div class=\"elementor-element elementor-element-1b07a325 elementor-align-left elementor-mobile-align-center elementor-tablet-align-center elementor-invisible elementor-widget elementor-widget-button\" data-id=\"1b07a325\" data-element_type=\"widget\" data-settings=\"{&quot;_animation&quot;:&quot;fadeInUp&quot;}\" data-widget_type=\"button.default\">\n\t\t\t\t\t\t\t\t\t\t<a class=\"elementor-button elementor-button-link elementor-size-sm elementor-animation-grow\" href=\"https:\/\/astroadnan.com\/wp-content\/uploads\/2025\/11\/academic_CV_AHMAD_test.pdf\" target=\"_blank\">\n\t\t\t\t\t\t<span class=\"elementor-button-content-wrapper\">\n\t\t\t\t\t\t<span class=\"elementor-button-icon\">\n\t\t\t\t<svg aria-hidden=\"true\" class=\"e-font-icon-svg e-far-arrow-alt-circle-down\" viewBox=\"0 0 512 512\" xmlns=\"http:\/\/www.w3.org\/2000\/svg\"><path d=\"M256 8C119 8 8 119 8 256s111 248 248 248 248-111 248-248S393 8 256 8zm0 448c-110.5 0-200-89.5-200-200S145.5 56 256 56s200 89.5 200 200-89.5 200-200 200zm-32-316v116h-67c-10.7 0-16 12.9-8.5 20.5l99 99c4.7 4.7 12.3 4.7 17 0l99-99c7.6-7.6 2.2-20.5-8.5-20.5h-67V140c0-6.6-5.4-12-12-12h-40c-6.6 0-12 5.4-12 12z\"><\/path><\/svg>\t\t\t<\/span>\n\t\t\t\t\t\t\t\t\t<span class=\"elementor-button-text\">Download Full CV<\/span>\n\t\t\t\t\t<\/span>\n\t\t\t\t\t<\/a>\n\t\t\t\t\t\t\t\t<\/div>\n\t\t\t\t<\/div>\n\t\t\t\t<\/div>\n\t\t\t\t<\/div>\n\t\t","protected":false},"excerpt":{"rendered":"<p>Education PhD in Astrophysics, CEA \/ Universit\u00e9 Paris Cit\u00e9, 2021-2024 M.S. in Astrophysics, Universit\u00e9 C\u00f4te d\u2019Azur, 2019-2021 B.S. in Physics, Universit\u00e9 C\u00f4te d\u2019Azur, 2016-2019 Baccalaur\u00e9at Scientifique, sp\u00e9cialit\u00e9 math\u00e9matiques, Lyc\u00e9e Gustave Eiffel (Maputo &#8211; Mozambique), 2016 Download Full CV<\/p>\n","protected":false},"author":1,"featured_media":0,"parent":0,"menu_order":0,"comment_status":"closed","ping_status":"closed","template":"elementor_header_footer","meta":{"footnotes":""},"class_list":["post-138","page","type-page","status-publish","hentry"],"_links":{"self":[{"href":"https:\/\/astroadnan.com\/index.php\/wp-json\/wp\/v2\/pages\/138","targetHints":{"allow":["GET"]}}],"collection":[{"href":"https:\/\/astroadnan.com\/index.php\/wp-json\/wp\/v2\/pages"}],"about":[{"href":"https:\/\/astroadnan.com\/index.php\/wp-json\/wp\/v2\/types\/page"}],"author":[{"embeddable":true,"href":"https:\/\/astroadnan.com\/index.php\/wp-json\/wp\/v2\/users\/1"}],"replies":[{"embeddable":true,"href":"https:\/\/astroadnan.com\/index.php\/wp-json\/wp\/v2\/comments?post=138"}],"version-history":[{"count":16,"href":"https:\/\/astroadnan.com\/index.php\/wp-json\/wp\/v2\/pages\/138\/revisions"}],"predecessor-version":[{"id":402,"href":"https:\/\/astroadnan.com\/index.php\/wp-json\/wp\/v2\/pages\/138\/revisions\/402"}],"wp:attachment":[{"href":"https:\/\/astroadnan.com\/index.php\/wp-json\/wp\/v2\/media?parent=138"}],"curies":[{"name":"wp","href":"https:\/\/api.w.org\/{rel}","templated":true}]}}